{"id":22662,"date":"2026-04-12T21:32:40","date_gmt":"2026-04-13T00:32:40","guid":{"rendered":"https:\/\/fluxolimpo.ia.br\/loja\/produto\/copo-para-agua-racao-e-lixo-para-caes-3-em-1-portatil-pequeno-e-multifuncional-artigos-para-animais-de-estimacao\/"},"modified":"2026-04-12T21:32:45","modified_gmt":"2026-04-13T00:32:45","slug":"copo-para-agua-racao-e-lixo-para-caes-3-em-1-portatil-pequeno-e-multifuncional-artigos-para-animais-de-estimacao","status":"publish","type":"product","link":"https:\/\/fluxolimpo.ia.br\/loja\/produto\/copo-para-agua-racao-e-lixo-para-caes-3-em-1-portatil-pequeno-e-multifuncional-artigos-para-animais-de-estimacao\/","title":{"rendered":"Copo para \u00e1gua, ra\u00e7\u00e3o e lixo para c\u00e3es &#8211; 3 em 1 &#8211; Port\u00e1til, pequeno e multifuncional &#8211; Artigos para animais de estima\u00e7\u00e3o"},"content":{"rendered":"<p> <b>Overview:<\/b> <\/p>\n<p> 1. 3-in-1 Design: This pet water bottle features a built-in 300ml water, 100g food container, and waste bag compartment, providing all-in-one convenience for pet owners on the go. <br \/> 2. Built-in Filtration System: The water dispenser is equipped with a filtration system that helps remove impurities and ensures your pet has access to clean and fresh water wherever you are. <br \/> 3. Lockable Dispensing Button: The bottle&#8217;s dispensing button is lockable, allowing you to control the flow of water and prevent any spills or leaks, especially during outdoor activities or hikes. <br \/> 4. Waste Bag Compartment: The bottle has a convenient compartment that stores waste bags, making it easy to clean up after your pet while you&#8217;re on the move and helping you keep the environment clean and hygienic. <b> <br \/> <\/b> <\/p>\n<p> <b> <br \/> <\/b> <\/p>\n<p> <b>Product information:<\/b> <br \/> Color: 300ml high-temperature resistance (water grain garbage bag) <br \/> Specifications: Indigo, orange pink, turquoise, dark blue, dark green, twilight gray, milky white, Wisteria purple, cherry blossom powder <br \/> Material: Plastic <br \/> Category: Pet tableware <\/p>\n<p> <b> Size information:<\/b> <br \/> Packing size: 8 x8x23.1cm <\/p>\n<p> <\/p>\n<p><b>Packing List: <\/b><br \/>\n<br \/> Cup X1 <\/p>\n<p> <\/p>\n<p><b>Product Image:<\/b> <\/p>\n<div>\n <img decoding=\"async\" src=\"https:\/\/cf.cjdropshipping.com\/17169408\/2405290235270323600.jpg\"><br \/>\n <img decoding=\"async\" src=\"https:\/\/cf.cjdropshipping.com\/17169408\/2405290235270324200.jpg\"><br \/>\n <img decoding=\"async\" src=\"https:\/\/cf.cjdropshipping.com\/17169408\/2405290235270325000.jpg\"><br \/>\n <img decoding=\"async\" src=\"https:\/\/cf.cjdropshipping.com\/17169408\/2405290235270325700.jpg\"><br \/>\n <img decoding=\"async\" src=\"https:\/\/cf.cjdropshipping.com\/17169408\/2405290235270326500.jpg\"><br \/>\n <img decoding=\"async\" src=\"https:\/\/cf.cjdropshipping.com\/17169408\/2405290235270327700.jpg\"><br \/>\n <img decoding=\"async\" src=\"https:\/\/cf.cjdropshipping.com\/17169408\/2405290235270328500.jpg\"><br \/>\n <img decoding=\"async\" src=\"https:\/\/cf.cjdropshipping.com\/17169408\/2405290235270329200.jpg\"><br \/>\n <img decoding=\"async\" src=\"https:\/\/cf.cjdropshipping.com\/17169408\/2405290235270329900.jpg\"><br \/>\n <b> <br \/> <\/b>\n<\/div>\n","protected":false},"excerpt":{"rendered":"<p>Overview: 1. 3-in-1 Design: This pet water bottle features a built-in 300ml water, 100g food container, and waste bag compartment, providing all-in-one convenience for pet owners on the go. 2. Built-in Filtration System: The water dispenser is equipped with a filtration system that helps remove impurities and ensures your pet has access to clean and [&hellip;]<\/p>\n","protected":false},"featured_media":22652,"template":"","meta":{"inline_featured_image":false,"_monsterinsights_skip_tracking":false,"_monsterinsights_sitenote_active":false,"_monsterinsights_sitenote_note":"","_monsterinsights_sitenote_category":0,"_mbp_gutenberg_autopost":false},"product_brand":[],"product_cat":[663],"product_tag":[679,677,678],"class_list":{"0":"post-22662","1":"product","2":"type-product","3":"status-publish","4":"has-post-thumbnail","6":"product_cat-eletronicos-consumo","7":"product_tag-3-em-1","8":"product_tag-caes","9":"product_tag-gato","11":"first","12":"instock","13":"shipping-taxable","14":"purchasable","15":"product-type-variable"},"yoast_head":"<!-- This site is optimized with the Yoast SEO plugin v27.4 - https:\/\/yoast.com\/product\/yoast-seo-wordpress\/ -->\n<title>Copo para \u00e1gua, ra\u00e7\u00e3o e lixo para c\u00e3es - 3 em 1 - Port\u00e1til, pequeno e multifuncional - Artigos para animais de estima\u00e7\u00e3o - Fluxo limpo Tech - Loja Virtual<\/title>\n<meta name=\"robots\" content=\"index, follow, max-snippet:-1, max-image-preview:large, max-video-preview:-1\" \/>\n<link rel=\"canonical\" href=\"https:\/\/fluxolimpo.ia.br\/loja\/produto\/copo-para-agua-racao-e-lixo-para-caes-3-em-1-portatil-pequeno-e-multifuncional-artigos-para-animais-de-estimacao\/\" \/>\n<meta property=\"og:locale\" content=\"pt_BR\" \/>\n<meta property=\"og:type\" content=\"article\" \/>\n<meta property=\"og:title\" content=\"Copo para \u00e1gua, ra\u00e7\u00e3o e lixo para c\u00e3es - 3 em 1 - Port\u00e1til, pequeno e multifuncional - Artigos para animais de estima\u00e7\u00e3o - Fluxo limpo Tech - Loja Virtual\" \/>\n<meta property=\"og:description\" content=\"Overview: 1. 3-in-1 Design: This pet water bottle features a built-in 300ml water, 100g food container, and waste bag compartment, providing all-in-one convenience for pet owners on the go. 2. Built-in Filtration System: The water dispenser is equipped with a filtration system that helps remove impurities and ensures your pet has access to clean and [&hellip;]\" \/>\n<meta property=\"og:url\" content=\"https:\/\/fluxolimpo.ia.br\/loja\/produto\/copo-para-agua-racao-e-lixo-para-caes-3-em-1-portatil-pequeno-e-multifuncional-artigos-para-animais-de-estimacao\/\" \/>\n<meta property=\"og:site_name\" content=\"Fluxo limpo Tech - Loja Virtual\" \/>\n<meta property=\"article:modified_time\" content=\"2026-04-13T00:32:45+00:00\" \/>\n<meta property=\"og:image\" content=\"https:\/\/fluxolimpo.ia.br\/loja\/wp-content\/uploads\/2026\/04\/070e0401-e0cd-4af2-912a-19e0b03740fc.jpg\" \/>\n\t<meta property=\"og:image:width\" content=\"600\" \/>\n\t<meta property=\"og:image:height\" content=\"600\" \/>\n\t<meta property=\"og:image:type\" content=\"image\/jpeg\" \/>\n<meta name=\"twitter:card\" content=\"summary_large_image\" \/>\n<meta name=\"twitter:label1\" content=\"Est. tempo de leitura\" \/>\n\t<meta name=\"twitter:data1\" content=\"1 minuto\" \/>\n<script type=\"application\/ld+json\" class=\"yoast-schema-graph\">{\"@context\":\"https:\\\/\\\/schema.org\",\"@graph\":[{\"@type\":\"WebPage\",\"@id\":\"https:\\\/\\\/fluxolimpo.ia.br\\\/loja\\\/produto\\\/copo-para-agua-racao-e-lixo-para-caes-3-em-1-portatil-pequeno-e-multifuncional-artigos-para-animais-de-estimacao\\\/\",\"url\":\"https:\\\/\\\/fluxolimpo.ia.br\\\/loja\\\/produto\\\/copo-para-agua-racao-e-lixo-para-caes-3-em-1-portatil-pequeno-e-multifuncional-artigos-para-animais-de-estimacao\\\/\",\"name\":\"Copo para \u00e1gua, ra\u00e7\u00e3o e lixo para c\u00e3es - 3 em 1 - Port\u00e1til, pequeno e multifuncional - Artigos para animais de estima\u00e7\u00e3o - Fluxo limpo Tech - Loja Virtual\",\"isPartOf\":{\"@id\":\"https:\\\/\\\/fluxolimpo.ia.br\\\/loja\\\/#website\"},\"primaryImageOfPage\":{\"@id\":\"https:\\\/\\\/fluxolimpo.ia.br\\\/loja\\\/produto\\\/copo-para-agua-racao-e-lixo-para-caes-3-em-1-portatil-pequeno-e-multifuncional-artigos-para-animais-de-estimacao\\\/#primaryimage\"},\"image\":{\"@id\":\"https:\\\/\\\/fluxolimpo.ia.br\\\/loja\\\/produto\\\/copo-para-agua-racao-e-lixo-para-caes-3-em-1-portatil-pequeno-e-multifuncional-artigos-para-animais-de-estimacao\\\/#primaryimage\"},\"thumbnailUrl\":\"https:\\\/\\\/fluxolimpo.ia.br\\\/loja\\\/wp-content\\\/uploads\\\/2026\\\/04\\\/070e0401-e0cd-4af2-912a-19e0b03740fc.jpg\",\"datePublished\":\"2026-04-13T00:32:40+00:00\",\"dateModified\":\"2026-04-13T00:32:45+00:00\",\"breadcrumb\":{\"@id\":\"https:\\\/\\\/fluxolimpo.ia.br\\\/loja\\\/produto\\\/copo-para-agua-racao-e-lixo-para-caes-3-em-1-portatil-pequeno-e-multifuncional-artigos-para-animais-de-estimacao\\\/#breadcrumb\"},\"inLanguage\":\"pt-BR\",\"potentialAction\":[{\"@type\":\"ReadAction\",\"target\":[\"https:\\\/\\\/fluxolimpo.ia.br\\\/loja\\\/produto\\\/copo-para-agua-racao-e-lixo-para-caes-3-em-1-portatil-pequeno-e-multifuncional-artigos-para-animais-de-estimacao\\\/\"]}]},{\"@type\":\"ImageObject\",\"inLanguage\":\"pt-BR\",\"@id\":\"https:\\\/\\\/fluxolimpo.ia.br\\\/loja\\\/produto\\\/copo-para-agua-racao-e-lixo-para-caes-3-em-1-portatil-pequeno-e-multifuncional-artigos-para-animais-de-estimacao\\\/#primaryimage\",\"url\":\"https:\\\/\\\/fluxolimpo.ia.br\\\/loja\\\/wp-content\\\/uploads\\\/2026\\\/04\\\/070e0401-e0cd-4af2-912a-19e0b03740fc.jpg\",\"contentUrl\":\"https:\\\/\\\/fluxolimpo.ia.br\\\/loja\\\/wp-content\\\/uploads\\\/2026\\\/04\\\/070e0401-e0cd-4af2-912a-19e0b03740fc.jpg\",\"width\":600,\"height\":600},{\"@type\":\"BreadcrumbList\",\"@id\":\"https:\\\/\\\/fluxolimpo.ia.br\\\/loja\\\/produto\\\/copo-para-agua-racao-e-lixo-para-caes-3-em-1-portatil-pequeno-e-multifuncional-artigos-para-animais-de-estimacao\\\/#breadcrumb\",\"itemListElement\":[{\"@type\":\"ListItem\",\"position\":1,\"name\":\"In\u00edcio\",\"item\":\"https:\\\/\\\/fluxolimpo.ia.br\\\/loja\\\/\"},{\"@type\":\"ListItem\",\"position\":2,\"name\":\"Shop\",\"item\":\"https:\\\/\\\/fluxolimpo.ia.br\\\/loja\\\/\"},{\"@type\":\"ListItem\",\"position\":3,\"name\":\"Copo para \u00e1gua, ra\u00e7\u00e3o e lixo para c\u00e3es &#8211; 3 em 1 &#8211; Port\u00e1til, pequeno e multifuncional &#8211; Artigos para animais de estima\u00e7\u00e3o\"}]},{\"@type\":\"WebSite\",\"@id\":\"https:\\\/\\\/fluxolimpo.ia.br\\\/loja\\\/#website\",\"url\":\"https:\\\/\\\/fluxolimpo.ia.br\\\/loja\\\/\",\"name\":\"Fluxo limpo Tech - Loja Virtual\",\"description\":\"AppS, Scripts e Produtos Importados Exclusivos\",\"publisher\":{\"@id\":\"https:\\\/\\\/fluxolimpo.ia.br\\\/loja\\\/#organization\"},\"potentialAction\":[{\"@type\":\"SearchAction\",\"target\":{\"@type\":\"EntryPoint\",\"urlTemplate\":\"https:\\\/\\\/fluxolimpo.ia.br\\\/loja\\\/?s={search_term_string}\"},\"query-input\":{\"@type\":\"PropertyValueSpecification\",\"valueRequired\":true,\"valueName\":\"search_term_string\"}}],\"inLanguage\":\"pt-BR\"},{\"@type\":\"Organization\",\"@id\":\"https:\\\/\\\/fluxolimpo.ia.br\\\/loja\\\/#organization\",\"name\":\"Fluxo limpo Tech - Loja Virtual\",\"url\":\"https:\\\/\\\/fluxolimpo.ia.br\\\/loja\\\/\",\"logo\":{\"@type\":\"ImageObject\",\"inLanguage\":\"pt-BR\",\"@id\":\"https:\\\/\\\/fluxolimpo.ia.br\\\/loja\\\/#\\\/schema\\\/logo\\\/image\\\/\",\"url\":\"https:\\\/\\\/fluxolimpo.ia.br\\\/loja\\\/wp-content\\\/uploads\\\/2026\\\/03\\\/cropped-logolojamini-1.png\",\"contentUrl\":\"https:\\\/\\\/fluxolimpo.ia.br\\\/loja\\\/wp-content\\\/uploads\\\/2026\\\/03\\\/cropped-logolojamini-1.png\",\"width\":321,\"height\":87,\"caption\":\"Fluxo limpo Tech - Loja Virtual\"},\"image\":{\"@id\":\"https:\\\/\\\/fluxolimpo.ia.br\\\/loja\\\/#\\\/schema\\\/logo\\\/image\\\/\"}}]}<\/script>\n<!-- \/ Yoast SEO plugin. -->","yoast_head_json":{"title":"Copo para \u00e1gua, ra\u00e7\u00e3o e lixo para c\u00e3es - 3 em 1 - Port\u00e1til, pequeno e multifuncional - Artigos para animais de estima\u00e7\u00e3o - Fluxo limpo Tech - Loja Virtual","robots":{"index":"index","follow":"follow","max-snippet":"max-snippet:-1","max-image-preview":"max-image-preview:large","max-video-preview":"max-video-preview:-1"},"canonical":"https:\/\/fluxolimpo.ia.br\/loja\/produto\/copo-para-agua-racao-e-lixo-para-caes-3-em-1-portatil-pequeno-e-multifuncional-artigos-para-animais-de-estimacao\/","og_locale":"pt_BR","og_type":"article","og_title":"Copo para \u00e1gua, ra\u00e7\u00e3o e lixo para c\u00e3es - 3 em 1 - Port\u00e1til, pequeno e multifuncional - Artigos para animais de estima\u00e7\u00e3o - Fluxo limpo Tech - Loja Virtual","og_description":"Overview: 1. 3-in-1 Design: This pet water bottle features a built-in 300ml water, 100g food container, and waste bag compartment, providing all-in-one convenience for pet owners on the go. 2. Built-in Filtration System: The water dispenser is equipped with a filtration system that helps remove impurities and ensures your pet has access to clean and [&hellip;]","og_url":"https:\/\/fluxolimpo.ia.br\/loja\/produto\/copo-para-agua-racao-e-lixo-para-caes-3-em-1-portatil-pequeno-e-multifuncional-artigos-para-animais-de-estimacao\/","og_site_name":"Fluxo limpo Tech - Loja Virtual","article_modified_time":"2026-04-13T00:32:45+00:00","og_image":[{"width":600,"height":600,"url":"https:\/\/fluxolimpo.ia.br\/loja\/wp-content\/uploads\/2026\/04\/070e0401-e0cd-4af2-912a-19e0b03740fc.jpg","type":"image\/jpeg"}],"twitter_card":"summary_large_image","twitter_misc":{"Est. tempo de leitura":"1 minuto"},"schema":{"@context":"https:\/\/schema.org","@graph":[{"@type":"WebPage","@id":"https:\/\/fluxolimpo.ia.br\/loja\/produto\/copo-para-agua-racao-e-lixo-para-caes-3-em-1-portatil-pequeno-e-multifuncional-artigos-para-animais-de-estimacao\/","url":"https:\/\/fluxolimpo.ia.br\/loja\/produto\/copo-para-agua-racao-e-lixo-para-caes-3-em-1-portatil-pequeno-e-multifuncional-artigos-para-animais-de-estimacao\/","name":"Copo para \u00e1gua, ra\u00e7\u00e3o e lixo para c\u00e3es - 3 em 1 - Port\u00e1til, pequeno e multifuncional - Artigos para animais de estima\u00e7\u00e3o - Fluxo limpo Tech - Loja Virtual","isPartOf":{"@id":"https:\/\/fluxolimpo.ia.br\/loja\/#website"},"primaryImageOfPage":{"@id":"https:\/\/fluxolimpo.ia.br\/loja\/produto\/copo-para-agua-racao-e-lixo-para-caes-3-em-1-portatil-pequeno-e-multifuncional-artigos-para-animais-de-estimacao\/#primaryimage"},"image":{"@id":"https:\/\/fluxolimpo.ia.br\/loja\/produto\/copo-para-agua-racao-e-lixo-para-caes-3-em-1-portatil-pequeno-e-multifuncional-artigos-para-animais-de-estimacao\/#primaryimage"},"thumbnailUrl":"https:\/\/fluxolimpo.ia.br\/loja\/wp-content\/uploads\/2026\/04\/070e0401-e0cd-4af2-912a-19e0b03740fc.jpg","datePublished":"2026-04-13T00:32:40+00:00","dateModified":"2026-04-13T00:32:45+00:00","breadcrumb":{"@id":"https:\/\/fluxolimpo.ia.br\/loja\/produto\/copo-para-agua-racao-e-lixo-para-caes-3-em-1-portatil-pequeno-e-multifuncional-artigos-para-animais-de-estimacao\/#breadcrumb"},"inLanguage":"pt-BR","potentialAction":[{"@type":"ReadAction","target":["https:\/\/fluxolimpo.ia.br\/loja\/produto\/copo-para-agua-racao-e-lixo-para-caes-3-em-1-portatil-pequeno-e-multifuncional-artigos-para-animais-de-estimacao\/"]}]},{"@type":"ImageObject","inLanguage":"pt-BR","@id":"https:\/\/fluxolimpo.ia.br\/loja\/produto\/copo-para-agua-racao-e-lixo-para-caes-3-em-1-portatil-pequeno-e-multifuncional-artigos-para-animais-de-estimacao\/#primaryimage","url":"https:\/\/fluxolimpo.ia.br\/loja\/wp-content\/uploads\/2026\/04\/070e0401-e0cd-4af2-912a-19e0b03740fc.jpg","contentUrl":"https:\/\/fluxolimpo.ia.br\/loja\/wp-content\/uploads\/2026\/04\/070e0401-e0cd-4af2-912a-19e0b03740fc.jpg","width":600,"height":600},{"@type":"BreadcrumbList","@id":"https:\/\/fluxolimpo.ia.br\/loja\/produto\/copo-para-agua-racao-e-lixo-para-caes-3-em-1-portatil-pequeno-e-multifuncional-artigos-para-animais-de-estimacao\/#breadcrumb","itemListElement":[{"@type":"ListItem","position":1,"name":"In\u00edcio","item":"https:\/\/fluxolimpo.ia.br\/loja\/"},{"@type":"ListItem","position":2,"name":"Shop","item":"https:\/\/fluxolimpo.ia.br\/loja\/"},{"@type":"ListItem","position":3,"name":"Copo para \u00e1gua, ra\u00e7\u00e3o e lixo para c\u00e3es &#8211; 3 em 1 &#8211; Port\u00e1til, pequeno e multifuncional &#8211; Artigos para animais de estima\u00e7\u00e3o"}]},{"@type":"WebSite","@id":"https:\/\/fluxolimpo.ia.br\/loja\/#website","url":"https:\/\/fluxolimpo.ia.br\/loja\/","name":"Fluxo limpo Tech - Loja Virtual","description":"AppS, Scripts e Produtos Importados Exclusivos","publisher":{"@id":"https:\/\/fluxolimpo.ia.br\/loja\/#organization"},"potentialAction":[{"@type":"SearchAction","target":{"@type":"EntryPoint","urlTemplate":"https:\/\/fluxolimpo.ia.br\/loja\/?s={search_term_string}"},"query-input":{"@type":"PropertyValueSpecification","valueRequired":true,"valueName":"search_term_string"}}],"inLanguage":"pt-BR"},{"@type":"Organization","@id":"https:\/\/fluxolimpo.ia.br\/loja\/#organization","name":"Fluxo limpo Tech - Loja Virtual","url":"https:\/\/fluxolimpo.ia.br\/loja\/","logo":{"@type":"ImageObject","inLanguage":"pt-BR","@id":"https:\/\/fluxolimpo.ia.br\/loja\/#\/schema\/logo\/image\/","url":"https:\/\/fluxolimpo.ia.br\/loja\/wp-content\/uploads\/2026\/03\/cropped-logolojamini-1.png","contentUrl":"https:\/\/fluxolimpo.ia.br\/loja\/wp-content\/uploads\/2026\/03\/cropped-logolojamini-1.png","width":321,"height":87,"caption":"Fluxo limpo Tech - Loja Virtual"},"image":{"@id":"https:\/\/fluxolimpo.ia.br\/loja\/#\/schema\/logo\/image\/"}}]}},"_links":{"self":[{"href":"https:\/\/fluxolimpo.ia.br\/loja\/wp-json\/wp\/v2\/product\/22662","targetHints":{"allow":["GET"]}}],"collection":[{"href":"https:\/\/fluxolimpo.ia.br\/loja\/wp-json\/wp\/v2\/product"}],"about":[{"href":"https:\/\/fluxolimpo.ia.br\/loja\/wp-json\/wp\/v2\/types\/product"}],"wp:featuredmedia":[{"embeddable":true,"href":"https:\/\/fluxolimpo.ia.br\/loja\/wp-json\/wp\/v2\/media\/22652"}],"wp:attachment":[{"href":"https:\/\/fluxolimpo.ia.br\/loja\/wp-json\/wp\/v2\/media?parent=22662"}],"wp:term":[{"taxonomy":"product_brand","embeddable":true,"href":"https:\/\/fluxolimpo.ia.br\/loja\/wp-json\/wp\/v2\/product_brand?post=22662"},{"taxonomy":"product_cat","embeddable":true,"href":"https:\/\/fluxolimpo.ia.br\/loja\/wp-json\/wp\/v2\/product_cat?post=22662"},{"taxonomy":"product_tag","embeddable":true,"href":"https:\/\/fluxolimpo.ia.br\/loja\/wp-json\/wp\/v2\/product_tag?post=22662"}],"curies":[{"name":"wp","href":"https:\/\/api.w.org\/{rel}","templated":true}]}}